 383 a factor of 4609727?
False
Is 3 a factor of 25039?
False
Is 106 a factor of 570118?
False
Is 13 a factor of 54881?
False
Does 372 divide 227292?
True
Is 38 a factor of 15705275?
False
Is 33186 a multiple of 16?
False
Is 391710 a multiple of 11?
True
Does 378 divide 2469474?
True
Does 327 divide 30911?
False
Is 3973792 a multiple of 96?
False
Does 16 divide 1249062?
False
Is 68 a factor of 1995392?
True
Is 194 a factor of 1154390?
False
Does 32 divide 15075953?
False
Is 2980278 a multiple of 763?
True
Does 1851 divide 17443824?
True
Does 277 divide 2396262?
False
Is 72 a factor of 307512?
True
Does 12 divide 504275?
False
Is 5902 a multiple of 13?
True
Is 5 a factor of 2063675?
True
Is 38 a factor of 693601?
False
Is 4 a factor of 42012?
True
Does 3 divide 2900670?
True
Is 306300 a multiple of 15?
True
Is 21 a factor of 2229505?
False
Does 34 divide 115600?
True
Is 18 a factor of 10086624?
True
Does 94 divide 2738570?
False
Is 93940 a multiple of 125?
False
Is 18185 even?
False
Does 227 divide 1978751?
False
Is 10 a factor of 43997?
False
Is 9 a factor of 2394522?
True
Does 348 divide 9098730?
False
Is 105264 a multiple of 17?
True
Is 84 a factor of 321185?
False
Is 21 a factor of 230223?
True
Is 32 a factor of 518287?
False
Is 174135 a multiple of 285?
True
Does 261 divide 606303?
True
Is 721 a factor of 5155150?
True
Is 121 a factor of 29811524?
False
Is 983570 a multiple of 5?
True
Is 145301 a multiple of 15?
False
Does 10 divide 580120?
True
Is 12 a factor of 390948?
True
Is 45056 a multiple of 2?
True
Is 29 a factor of 1604193?
True
Is 87 a factor of 7296777?
True
Is 3569 a multiple of 5?
False
Does 53 divide 28302?
True
Does 6 divide 312013?
False
Is 172 a factor of 1184327?
False
Is 13577769 a multiple of 199?
False
Is 1087840 a multiple of 80?
True
Does 21 divide 93621?
False
Does 62 divide 77066?
True
Is 104812 a multiple of 647?
False
Is 15 a factor of 8574?
False
Is 3479388 a multiple of 473?
True
Does 20 divide 6147640?
True
Is 312750 a multiple of 9?
True
Is 277382 a multiple of 14?
True
Is 3603274 a multiple of 38?
True
Is 378 a multiple of 6?
True
Is 1860462 a multiple of 131?
True
Is 202 a factor of 159236?
False
Is 152406 a multiple of 18?
True
Does 2 divide 310580?
True
Is 32 a factor of 64544?
True
Is 9 a factor of 142542?
True
Is 13594 a multiple of 57?
False
Does 9 divide 1547183?
False
Is 63 a factor of 39690?
True
Is 13325246 a multiple of 1738?
True
Is 690532 a multiple of 26?
False
Is 2 a factor of 5989?
False
Is 654866 a multiple of 227?
False
Is 33 a factor of 3144867?
True
Is 6688 a multiple of 8?
True
Does 400 divide 22907355?
False
Is 134 a factor of 71758?
False
Does 9 divide 234324?
True
Does 285 divide 9265461?
False
Does 62 divide 69254?
True
Is 1142953 a multiple of 383?
False
Does 46 divide 478170?
True
Does 194 divide 388000?
True
Is 2605680 a multiple of 12?
True
Does 237 divide 509199?
False
Is 32 a factor of 160763?
False
Is 811966 a multiple of 2?
True
Does 148 divide 3073516?
True
Does 126 divide 3660113?
False
Is 72 a factor of 1496452?
False
Does 38 divide 52516?
True
Does 9 divide 4072732?
False
Is 415 a factor of 933750?
True
Is 2218245 a multiple of 104?
False
Is 1234013 a multiple of 187?
True
Does 5 divide 259917?
False
Is 2 a factor of 294097?
False
Does 3 divide 132873?
True
Is 93258 a multiple of 33?
True
Is 1838868 a multiple of 293?
True
Is 32 a factor of 2103089?
False
Is 15478164 a multiple of 36?
True
Does 557 divide 8215086?
False
Does 312 divide 3569904?
True
Is 811 a factor of 1221366?
True
Does 4 divide 61143?
False
Is 51 a factor of 94911?
True
Is 408 a factor of 212130?
False
Does 10 divide 22070?
True
Does 7 divide 1795941?
True
Is 273 a factor of 5799612?
True
Is 11 a factor of 27665?
True
Is 7987920 a multiple of 415?
True
Is 4491374 a multiple of 710?
False
Is 74 a factor of 1604912?
True
Is 242 a factor of 1958319?
False
Does 27 divide 3507460?
False
Is 478 a factor of 103248?
True
Does 42 divide 9526734?
True
Is 3010574 a multiple of 788?
False
Does 56 divide 218624?
True
Does 28 divide 1024884?
True
Is 5578224 a multiple of 24?
True
Does 135 divide 15524165?
False
Is 5457270 a multiple of 13?
True
Is 74 a factor of 3768450?
True
Does 213 divide 175299?
True
Is 6 a factor of 253068?
True
Is 4 a factor of 11867830?
False
Is 19735208 a multiple of 122?
True
Is 412893 a multiple of 23?
False
Is 34 a factor of 12423712?
False
Does 256 divide 3041280?
True
Is 17 a factor of 99008?
True
Is 9563 a multiple of 2?
False
Does 15 divide 15154?
False
Does 92 divide 694471?
False
Is 15 a factor of 1668308?
False
Is 239 a factor of 315480?
True
Does 32 divide 766400?
True
Is 2 a factor of 215268?
True
Is 81158 a multiple of 31?
True
Is 201948 a multiple of 53?
False
Is 247 a factor of 1203094?
False
Does 226 divide 1877156?
True
Is 28 a factor of 614639?
False
Does 12 divide 718200?
True
Is 1661733 a multiple of 205?
False
Does 353 divide 1431768?
True
Does 29 divide 158572?
True
Is 205 a factor of 13463990?
True
Is 92966 a multiple of 47?
True
Is 2 a factor of 67780?
True
Is 13 a factor of 730184?
True
Is 397 a factor of 25796266?
True
Does 6 divide 5732?
False
Is 20 a factor of 1562612?
False
Is 266763 a multiple of 13?
False
Is 3841764 a multiple of 1556?
True
Is 6 a factor of 697464?
True
Is 56 a factor of 1003352?
True
Does 15 divide 32017228?
False
Is 22 a factor of 29524?
True
Is 5771580 a multiple of 116?
True
Does 897 divide 885534?
False
Is 929877 a multiple of 890?
False
Does 308 divide 734787?
False
Is 52 a factor of 143961?
False
Does 112 divide 2054752?
True
Does 4 divide 192268?
True
Does 7 divide 541768?
False
Is 2845380 a multiple of 564?
True
Does 52 divide 483943?
False
Is 1087945 a multiple of 855?
False
Is 12537 a multiple of 68?
False
Is 15642204 a multiple of 12?
True
Is 18958 a multiple of 8?
False
Does 11 divide 3702039?
True
Is 8531406 a multiple of 43?
False
Does 25 divide 257325?
True
Is 6504354 a multiple of 621?
True
Is 111576 a multiple of 4?
True
Is 1365998 a multiple of 191?
False
Is 48 a factor of 772560?
True
Is 502 a factor of 3061196?
True
Is 112 a factor of 13282528?
True
Does 21 divide 2388477?
True
Is 13 a factor of 34596775?
False
Does 118 divide 873672?
True
Is 5848683 a multiple of 135?
False
Does 232 divide 315984?
True
Does 533 divide 102336?
True
Does 164 divide 39257?
False
Is 6596112 a multiple of 16?
True
Is 34 a factor of 1160196?
False
Is 12 a factor of 241793?
False
Is 15 a factor of 619205?
False
Is 21 a factor of 112245?
True
Is 234786 a multiple of 109?
True
Is 671 a factor of 1219207?
True
Is 22711 a multiple of 13?
True
Does 71 divide 241360?
False
Is 12771562 a multiple of 191?
False
Does 20 divide 30414940?
True
Does 41 divide 1357838?
True
Is 31237 a multiple of 7?
False
Is 2654704 a multiple of 104?
True
Is 207216 a multiple of 12?
True
Is 59 a factor of 463681?
True
Does 3 divide 63579?
True
Is 695 a factor of 1781285?
True
Is 33 a factor of 129360?
True
Is 39 a factor of 3427548?
False
Does 974 divide 2083386?
True
Does 12 divide 219564?
True
Is 22 a factor of 8707?
False
Is 6 a factor of 1270638?
True
Is 2982993 a multiple of 14?
False
Is 10 a factor of 1107430?
True
Is 779073 a multiple of 117?
False
Does 15 divide 1458574?
False
Is 38391 a multiple of 191?
True
Is 4366229 a multiple of 17?
True
Is 308550 a multiple of 275?
True
Is 175 a factor of 279763?
False
Does 13 divide 157472?
False
Is 1347073 a multiple of 791?
True
Is 38 a factor of 1199774?
True
Is 268 a factor of 1091028?
True
Is 49 a factor of 13078852?
False
Is 206 a factor of 370353?
False
Does 199 divide 293679?
False
Does 30 divide 7890?
True
Does 1160 divide 6012280?
True
Does 109 divide 172547?
True
Is 231 a factor of 53361?
True
Does 55 divide 15776805?
True
Is 177 a factor of 7205847?
True
Is 29961635 a multiple of 403?
False
Does 381 divide 3195345?
False
Is 9108 a multiple of 46?
True
Does 431 divide 139964?
False
Does 6 divide 1674618?
True
Is 11 a factor of 1046078?
True
Is 3014175 a multiple of 25?
True
Does 3 divide 224871?
True
Is 246 a factor of 880188?
True
Does 128 divide 237312?
True
Is 301 a factor of 2060079?
False
Does 61 divide 800612?
False
Is 46014 a multiple of 19?
False
Does 30 divide 74220?
True
Is 23 a factor of 171965?
False
